{"id":1876,"date":"2022-09-08T06:55:39","date_gmt":"2022-09-08T10:55:39","guid":{"rendered":"https:\/\/projetos.supremaux.com\/aliancasgold\/?page_id=1876"},"modified":"2022-09-08T07:05:07","modified_gmt":"2022-09-08T11:05:07","slug":"formas-de-entrega-e-frete","status":"publish","type":"page","link":"https:\/\/projetos.supremaux.com\/aliancasgold\/formas-de-entrega-e-frete\/","title":{"rendered":"Formas de Entrega e Frete"},"content":{"rendered":"\n<p>Ao realizar seu pedido com a Alian\u00e7as Gold, voc\u00ea aceita as pr\u00e1ticas descritas nesta pol\u00edtica de entrega.<br>Contamos com a parceria dos Correios e de renomadas transportadoras, empresas s\u00f3lidas e capazes de garantir que sua mercadoria chegar\u00e1 com rapidez e seguran\u00e7a at\u00e9 voc\u00ea.<\/p>\n\n\n\n<h3 class=\"wp-block-heading\">Cobertura<\/h3>\n\n\n\n<p>Entrega em todo o Brasil.<\/p>\n\n\n\n<h3 class=\"wp-block-heading\">Tipos de Frete<\/h3>\n\n\n\n<p><strong>PAC:<\/strong> menor custo, maior prazo. Ser\u00e3o calculados de acordo com o CEP do seu endere\u00e7o de entrega (taxas e servi\u00e7os n\u00e3o est\u00e3o inclusos nesse valor).<br><strong>Sedex:<\/strong> menor prazo, maior custo. Ser\u00e3o calculados de acordo com o CEP do seu endere\u00e7o de entrega (taxas e servi\u00e7os n\u00e3o est\u00e3o inclusos nesse valor)<br><strong>Retirada na loja: <\/strong>Retire seu pedido na loja. O prazo s\u00f3 come\u00e7a a ser contado a partir do momento em que o pagamento do pedido \u00e9 aprovado e \u00e9 verificada a disponibilidade do produto. V\u00e1lido somente para Campo Grande\/MS.<\/p>\n\n\n\n<h3 class=\"wp-block-heading\">Prazos de entrega e valor do frete<\/h3>\n\n\n\n<p>O prazo de entrega e o valor do frete variam de acordo com cada CEP e a op\u00e7\u00e3o de frete escolhida. Voc\u00ea pode consultar os prazos dispon\u00edveis para o endere\u00e7o de entrega ao realizar o seu pedido. Basta colocar um produto em seu carrinho. No campo &#8220;Forma Entrega&#8221;, ser\u00e3o exibidas automaticamente as op\u00e7\u00f5es de frete dispon\u00edveis para o seu pedido. \u00c9 s\u00f3 escolher a que mais se adequa a sua necessidade!<br>Ser\u00e3o realizadas at\u00e9 3 tentativas de entregas e, caso nenhuma delas tenha sucesso, a sua encomenda poder\u00e1 ficar aguardando retirada em uma ag\u00eancia ou ser devolvida para a nossa loja.<\/p>\n\n\n\n<h3 class=\"wp-block-heading\">Aten\u00e7\u00e3o<\/h3>\n\n\n\n<ul class=\"wp-block-list\"><li>Para todos os tipos de frete, a data do pedido n\u00e3o conta no c\u00e1lculo do prazo de entrega e sim a data da confirma\u00e7\u00e3o do pagamento. Seu pedido ser\u00e1 postado conforme prazo informado no ato da compra. Este prazo pode ser alterado em per\u00edodos de campanhas espec\u00edficas.<\/li><li>As datas de entrega s\u00e3o uma estimativa e podem haver pequenos atrasos devido a fatores externos tais como chuvas em excesso, \u00e1reas de risco extremo e zonas rurais.<\/li><li>No ato do recebimento, caso seja constatado que o(s) produto(s) est\u00e1(\u00e3o) em desacordo com o contratado e\/ou com a embalagem violada, o cliente dever\u00e1 recusar o recebimento do pedido, registrar o motivo e comunicar a nossa central de atendimento atrav\u00e9s dos meios de comunica\u00e7\u00e3o disponibilizados.<\/li><li>Os entregadores n\u00e3o est\u00e3o autorizados a testar, provar ou realizar qualquer tarefa que implique em manuseio dos produtos entregues, sob qualquer hip\u00f3tese.<\/li><\/ul>\n\n\n\n<h3 class=\"wp-block-heading\">Altera\u00e7\u00e3o do endere\u00e7o de entrega<\/h3>\n\n\n\n<p>Ap\u00f3s a conclus\u00e3o do seu pedido, n\u00e3o \u00e9 poss\u00edvel alterar o endere\u00e7o de entrega. Para maiores informa\u00e7\u00f5es, entre em contato com nossa Central de Relacionamento\/SAC.<br>Agora, se ainda n\u00e3o finalizou a compra, voc\u00ea pode alterar o endere\u00e7o de entrega ao fechar o seu pedido, em \u201cEndere\u00e7o de Entrega\u201d, desabilitando a op\u00e7\u00e3o \u201cEnviar para o mesmo endere\u00e7o\u201d e selecionando um outro endere\u00e7o* de entrega ou clicando em \u201cnovo endere\u00e7o\u201d.<\/p>\n","protected":false},"excerpt":{"rendered":"<p>Ao realizar seu pedido com a Alian\u00e7as Gold, voc\u00ea aceita as pr\u00e1ticas descritas nesta pol\u00edtica de entrega.Contamos com a parceria dos Correios e de renomadas transportadoras, empresas s\u00f3lidas e capazes de garantir que sua mercadoria chegar\u00e1 com rapidez e seguran\u00e7a at\u00e9 voc\u00ea. Cobertura Entrega em todo o Brasil. Tipos de Frete PAC: menor custo, maior [&hellip;]<\/p>\n","protected":false},"author":1,"featured_media":0,"parent":0,"menu_order":0,"comment_status":"closed","ping_status":"closed","template":"","meta":{"_joinchat":[],"footnotes":""},"class_list":["post-1876","page","type-page","status-publish","hentry"],"blocksy_meta":{"styles_descriptor":{"styles":{"desktop":"","tablet":"","mobile":""},"google_fonts":[],"version":6}},"_links":{"self":[{"href":"https:\/\/projetos.supremaux.com\/aliancasgold\/wp-json\/wp\/v2\/pages\/1876","targetHints":{"allow":["GET"]}}],"collection":[{"href":"https:\/\/projetos.supremaux.com\/aliancasgold\/wp-json\/wp\/v2\/pages"}],"about":[{"href":"https:\/\/projetos.supremaux.com\/aliancasgold\/wp-json\/wp\/v2\/types\/page"}],"author":[{"embeddable":true,"href":"https:\/\/projetos.supremaux.com\/aliancasgold\/wp-json\/wp\/v2\/users\/1"}],"replies":[{"embeddable":true,"href":"https:\/\/projetos.supremaux.com\/aliancasgold\/wp-json\/wp\/v2\/comments?post=1876"}],"version-history":[{"count":1,"href":"https:\/\/projetos.supremaux.com\/aliancasgold\/wp-json\/wp\/v2\/pages\/1876\/revisions"}],"predecessor-version":[{"id":1877,"href":"https:\/\/projetos.supremaux.com\/aliancasgold\/wp-json\/wp\/v2\/pages\/1876\/revisions\/1877"}],"wp:attachment":[{"href":"https:\/\/projetos.supremaux.com\/aliancasgold\/wp-json\/wp\/v2\/media?parent=1876"}],"curies":[{"name":"wp","href":"https:\/\/api.w.org\/{rel}","templated":true}]}}